 is 4 + -324?
-320
In base 6, what is 30 + -4?
22
In base 14, what is 37a + 0?
37a
In base 13, what is -514 + 3?
-511
In base 16, what is 34 - ee?
-ba
In base 4, what is -22 + -11232?
-11320
In base 4, what is 11 - 322?
-311
In base 7, what is 1646 - 1?
1645
In base 10, what is 1 + 23?
24
In base 11, what is 8 + 11?
19
In base 11, what is -4 + -62?
-66
In base 14, what is b57 + -3?
b54
In base 3, what is 2 + -21210?
-21201
In base 5, what is 131 + 2?
133
In base 6, what is 3 - -3402?
3405
In base 6, what is -4 - 242?
-250
In base 14, what is 3 - -383?
386
In base 3, what is -200 + -211?
-1111
In base 14, what is 1 - -2c?
2d
In base 13, what is -178 - 1?
-179
In base 7, what is -164 + -4?
-201
In base 6, what is -2 + -110?
-112
In base 2, what is 11000000 - -100?
11000100
In base 13, what is -56 - 12?
-68
In base 7, what is 2 + -100?
-65
In base 4, what is -1202 + -1?
-1203
In base 14, what is 2 - -44?
46
In base 4, what is 1 - -13121?
13122
In base 15, what is -1 + 6a?
69
In base 4, what is 10 + -12322?
-12312
In base 12, what is 660 - 2?
65a
In base 10, what is 7 - -22?
29
In base 14, what is -4d + 3?
-4a
In base 3, what is -1020122 - 11?
-1020210
In base 2, what is 10 - 1000101011?
-1000101001
In base 11, what is 5 + 6a?
74
In base 8, what is 1 + -61?
-60
In base 8, what is 1 + -3760?
-3757
In base 4, what is 3333 - 12?
3321
In base 6, what is 5044 - 5?
5035
In base 11, what is 55 - 72?
-18
In base 11, what is -1a - 322?
-341
In base 5, what is 10 + 2010?
2020
In base 16, what is -4 + -e?
-12
In base 13, what is 1695b - -4?
16962
In base 4, what is -2133 - 3?
-2202
In base 5, what is 11 + -4?
2
In base 3, what is -101120 - -10?
-101110
In base 5, what is 120 + 112?
232
In base 2, what is -10 - 110001?
-110011
In base 8, what is 46 - 223?
-155
In base 2, what is -1001010000 + -10000?
-1001100000
In base 7, what is 4 + 40?
44
In base 11, what is 115 - -2?
117
In base 9, what is 115 + 1?
116
In base 15, what is -67 - 10?
-77
In base 10, what is -108 + 3?
-105
In base 7, what is 0 - 0?
0
In base 15, what is 11 + -b?
5
In base 10, what is 5 + -5?
0
In base 14, what is -1 - 340?
-341
In base 8, what is -26 - -373?
345
In base 9, what is -674 - 3?
-677
In base 15, what is 4b + 20?
6b
In base 4, what is -233113 + -2?
-233121
In base 14, what is 4 + 2?
6
In base 4, what is 1 - -3030?
3031
In base 12, what is -50 - 5?
-55
In base 5, what is -10 + -123?
-133
In base 10, what is 10 - 87?
-77
In base 12, what is 2 + 76?
78
In base 5, what is -4401 + 4?
-4342
In base 14, what is -18b - 5?
-192
In base 3, what is -22210211 - -11?
-22210200
In base 13, what is -ba + 1?
-b9
In base 14, what is -4 - 824?
-828
In base 8, what is -17405 + 5?
-17400
In base 2, what is -111 - -10011000?
10010001
In base 3, what is -10 + 2022010?
2022000
In base 9, what is 0 + 470?
470
In base 2, what is -101001001 + 0?
-101001001
In base 15, what is 3 + -114?
-111
In base 9, what is -8 - -14?
5
In base 16, what is -69 - 0?
-69
In base 8, what is -1 - -32?
31
In base 12, what is 6 - a?
-4
In base 5, what is 1011 - 1022?
-11
In base 11, what is -14335 + 4?
-14331
In base 2, what is -100000100 + 11?
-100000001
In base 5, what is 112 + 100?
212
In base 13, what is -1368 + -4?
-136c
In base 13, what is 1 + 82b?
82c
In base 12, what is -16 + -b0?
-106
In base 12, what is 9 + 0?
9
In base 7, what is -5 + -2653?
-2661
In base 5, what is 32012 - -3?
32020
In base 16, what is -1 - -2206?
2205
In base 3, what is -1100022 - -1?
-1100021
In base 4, what is -30 + -122?
-212
In base 13, what is -2 - 26?
-28
In base 7, what is 4 - 36?
-32
In base 11, what is a6 - 2?
a4
In base 8, what is -40744 - -5?
-40737
In base 4, what is -20 - -11?
-3
In base 2, what is -10 - -11000010010?
11000010000
In base 13, what is -5 + 93?
8b
In base 10, what is -4 - 7725?
-7729
In base 5, what is 2211134 - 2?
2211132
In base 16, what is -8 + -47?
-4f
In base 13, what is -4 + 7?
3
In base 9, what is -635 + 1?
-634
In base 6, what is -25 - -1025?
1000
In base 16, what is 6 - fb?
-f5
In base 10, what is 24 - -70?
94
In base 14, what is -5 + a5?
a0
In base 4, what is -1021 - 11?
-1032
In base 12, what is 5a - -4?
62
In base 11, what is -1 + 2328?
2327
In base 14, what is d3 + 5?
d8
In base 10, what is 23 + 301?
324
In base 15, what is 1 - -2a?
2b
In base 8, what is 542 + 4?
546
In base 5, what is -240 + 3?
-232
In base 4, what is -203 - 112?
-321
In base 10, what is -4706 + -1?
-4707
In base 9, what is -145 - 7?
-153
In base 6, what is 1022 - -44?
1110
In base 12, what is -35 + -20?
-55
In base 7, what is -13 + 1123?
1110
In base 15, what is -6 - -a?
4
In base 9, what is 23356 + 1?
23357
In base 9, what is 577 - -45?
633
In base 2, what is -10111000011 + -101?
-10111001000
In base 12, what is -5 - -19?
14
In base 8, what is 3125 - -1?
3126
In base 8, what is -264 + 2?
-262
In base 6, what is 113552 - 0?
113552
In base 4, what is -10 + -1113?
-1123
In base 8, what is 1 - -106?
107
In base 2, what is 1 + 11000010110?
11000010111
In base 13, what is -5 + -422?
-427
In base 4, what is -130 - -1?
-123
In base 3, what is 1 - -1012?
1020
In base 2, what is 1 + 11110001?
11110010
In base 14, what is c1 + 1d?
100
In base 2, what is 110011110 + -10?
110011100
In base 14, what is -3 - 95?
-98
In base 5, what is 13333 - 4?
13324
In base 11, what is -2 - 63?
-65
In base 5, what is 4434022 - -2?
4434024
In base 13, what is 0 - 34c?
-34c
In base 7, what is 104 + 1?
105
In base 8, what is 2541 - 5?
2534
In base 12, what is 1070 - 3?
1069
In base 5, what is -111 - -12?
-44
In base 3, what is -12211 + -220?
-20201
In base 2, what is 100 - 100011000?
-100010100
In base 3, what is 2200120 + 2?
2200122
In base 14, what is 3 + -980?
-97b
In base 13, what is 851 + 9?
85a
In base 12, what is 7 - 136?
-12b
In base 11, what is 19 - -32?
50
In base 4, what is 1102021 - 3?
1102012
In base 2, what is 11 + -11111110?
-11111011
In base 16, what is 5 + 45?
4a
In base 16, what is -5 + -74?
-79
In base 5, what is 20320 + 21?
20341
In base 11, what is 72 + 56?
118
In base 10, what is 4 - -579?
583
In base 14, what is -12 - -5?
-b
In base 8, what is 6225 + 1?
6226
In base 8, what is -16 + -34?
-52
In base 4, what is 133 + 1?
200
In base 6, what is -32 + -313?
-345
In base 7, what is 3 + -331?
-325
In base 6, what is -120 + 1?
-115
In base 12, what is -2 - 48a?
-490
In base 6, what is 11 + 44?
55
In base 10, what is -54 - -2?
-52
In base 5, what is -1122 - 1?
-1123
In base 14, what is 0 - 12?
-12
In base 16, what is -26 - -2?
-24
In base 15, what is -28 - 1b?
-44
In base 10, what is 25 + -4?
21
In base 7, what is -1 + -2?
-3
In base 14, what is 1 - -24?
25
In base 16, what is 1a - 2?
18
In base 14, what is 48 + 6?
50
In base 3, what is 2 - 20220?
-20211
In base 3, what is -120 + -212?
-1102
In base 15, what is -8 - 41?
-49
In base 5, what is 1121 - -10?
1131
In base 16, what is -72 + -1?
-73
In base 12, what is -568 + 5?
-563
In base 12, what is -1 + -29?
-2a
In base 6, what is -5440 + -5?
-5445
In base 14, what is d + -139?
-12a
In base 7, what is -14 + -101?
-115
In base 3, what is 120001 - -1?
120002
In base 7, what is 12664 + -5?
12656
In base 15, what is 5 - 20?
-1a
In base 7, what is 535 - 1?
534
In base 7, what is 116 + -5?
111
In base 9, what is 4 + -1033?
-1028
In base 16, what is -1a + d?
-d
In base 2, what is -1011101 + -100000?
-1111101
In base 14, what is -1 + -245?
-246
In base 13, what is -3 + -19?
-1c
In base 5, what is 2323 + 1?
2324
In base 9, what is -1 + 58?
57
In base 12, what is 5 - -16?
1b
In base 12, what is 1 - 16?
-15
In base 4, what is 10100210 - 2?
10100202
In base 10, what is 11 + 7?
18
In base 2, what is 1100 + 1001?
10101
In base 10, what is 187 + -1?
186
In base 14, what is -10 - -c8?
b8
In base 4, what is 1123 + 10?
1133
In base 4, what is 11 + -1030?
-1013
In base 5, what is -104 + -3?
-112
In base 5, what is 22 + 3134?
3211
In base 3, what is 12 + -10111210?
-10111121
In base 13, what is 11 + -341?
-330
In base 10, what is 3 + 1453?
1456
In base 13, what is 33 - -8?
3b
In base 13, what is 3a + 7?
44
In base 2, what is 1100101 - -101?
1101010
In base 14, what is 811 + 4?
815
In base 10, what is -97 + 4?
-93
In base 10, what is 648 - -4?
652
In base 6, what is -3 - 104?
-111
In base 5, what is 4 - -103?
112
In base 8, 